{"id":5279,"date":"2021-03-18T21:09:50","date_gmt":"2021-03-18T20:09:50","guid":{"rendered":"http:\/\/193.95.2.39\/?page_id=5279"},"modified":"2021-03-20T21:44:58","modified_gmt":"2021-03-20T20:44:58","slug":"le-corps-enseignant","status":"publish","type":"page","link":"https:\/\/www.ena.tn\/fr\/lena-se-presente\/le-corps-enseignant\/","title":{"rendered":"Le corps enseignant"},"content":{"rendered":"\t\t<div data-elementor-type=\"wp-page\" data-elementor-id=\"5279\" class=\"elementor elementor-5279\" data-elementor-settings=\"[]\">\n\t\t\t\t\t\t\t<div class=\"elementor-section-wrap\">\n\t\t\t\t\t\t\t<section class=\"elementor-section elementor-top-section elementor-element elementor-element-934ae80 elementor-section-boxed elementor-section-height-default elementor-section-height-default\" data-id=\"934ae80\" data-element_type=\"section\">\n\t\t\t\t\t\t<div class=\"elementor-container elementor-column-gap-default\">\n\t\t\t\t\t<div class=\"elementor-column elementor-col-100 elementor-top-column elementor-element elementor-element-941b68f\" data-id=\"941b68f\" data-element_type=\"column\">\n\t\t\t<div class=\"elementor-widget-wrap elementor-element-populated\">\n\t\t\t\t\t\t\t\t<div class=\"elementor-element elementor-element-710f4ce elementor-widget elementor-widget-text-editor\" data-id=\"710f4ce\" data-element_type=\"widget\" data-widget_type=\"text-editor.default\">\n\t\t\t\t<div class=\"elementor-widget-container\">\n\t\t\t\t\t<div class=\"elementor-text-editor elementor-clearfix\"><h4><span style=\"color: #000000;\">Pour assurer ses diff\u00e9rents programmes de formation initiale et continue, L\u2019ENA se base sur un vaste r\u00e9seau de comp\u00e9tences administratives sp\u00e9cialis\u00e9es et de professeurs universitaires.<\/span><\/h4><h4><span style=\"color: #000000;\">Le nombre total de formateurs s\u2019\u00e9l\u00e8ve \u00e0 172 r\u00e9partis comme suit:<\/span><\/h4><\/div>\n\t\t\t\t<\/div>\n\t\t\t\t<\/div>\n\t\t\t\t\t<\/div>\n\t\t<\/div>\n\t\t\t\t\t\t\t<\/div>\n\t\t<\/section>\n\t\t\t\t<section class=\"elementor-section elementor-top-section elementor-element elementor-element-15e9c11 elementor-section-boxed elementor-section-height-default elementor-section-height-default\" data-id=\"15e9c11\" data-element_type=\"section\">\n\t\t\t\t\t\t<div class=\"elementor-container elementor-column-gap-default\">\n\t\t\t\t\t<div class=\"elementor-column elementor-col-100 elementor-top-column elementor-element elementor-element-bbe46a4\" data-id=\"bbe46a4\" data-element_type=\"column\">\n\t\t\t<div class=\"elementor-widget-wrap elementor-element-populated\">\n\t\t\t\t\t\t\t\t<div class=\"elementor-element elementor-element-1df0b96 elementor-widget elementor-widget-html\" data-id=\"1df0b96\" data-element_type=\"widget\" data-widget_type=\"html.default\">\n\t\t\t\t<div class=\"elementor-widget-container\">\n\t\t\t<table >\r\n<tbody>\r\n<tr >\r\n<td ><\/td>\r\n<td style=\"width: 20%; background-color: #294274; text-align: center;color:white;font-weight:bold\">Cycle sup&eacute;rieur<\/td>\r\n<td style=\"width: 20%;background-color: #c20c0d; text-align: center;color:white;font-weight:bold\">Cycle de formation continue<\/td>\r\n<td style=\"width: 20%;background-color: #294274; text-align: center;color:white;font-weight:bold\">Institut de leadership administratif<\/td>\r\n<td style=\"width: 20%; background-color: #c20c0d;text-align: center;color:white;font-weight:bold\"> Acad&eacute;mie de bonne gouvernance<\/td>\r\n<\/tr>\r\n<tr>\r\n<td style=\"background-color: #294274;color:white;font-weight:bold\"><span> Cadre sup&eacute;rieur administratif<\/span><\/td>\r\n<td style=\"color:black;text-align:center\">53<\/td>\r\n<td style=\"color:black;text-align:center\">32<\/td>\r\n<td style=\"color:black;text-align:center\">31<\/td>\r\n<td style=\"color:black;text-align:center\">9<\/td>\r\n<\/tr>\r\n<tr >\r\n<td style=\"background-color: #294274;color:white;font-weight:bold\"><span> Enseignant universitaire<\/span><\/td>\r\n<td style=\"color:black;text-align:center\">28<\/td>\r\n<td style=\"color:black;text-align:center\">11<\/td>\r\n<td style=\"color:black;text-align:center\">3<\/td>\r\n<td style=\"color:black;text-align:center\" >5<\/td>\r\n<\/tr>\r\n<tr >\r\n<td style=\"background-color: #294274;color:white;font-weight:bold\"><span> Total<\/span><\/td>\r\n<td  style=\"color:black;text-align:center\" >81<\/td>\r\n<td style=\"color:black;text-align:center\">43<\/td>\r\n<td style=\"color:black;text-align:center\" >34<\/td>\r\n<td style=\"color:black;text-align:center\">14<\/td>\r\n<\/tr>\r\n<\/tbody>\r\n<\/table>\t\t<\/div>\n\t\t\t\t<\/div>\n\t\t\t\t\t<\/div>\n\t\t<\/div>\n\t\t\t\t\t\t\t<\/div>\n\t\t<\/section>\n\t\t\t\t<section class=\"elementor-section elementor-top-section elementor-element elementor-element-4fc3de6 elementor-section-boxed elementor-section-height-default elementor-section-height-default\" data-id=\"4fc3de6\" data-element_type=\"section\">\n\t\t\t\t\t\t<div class=\"elementor-container elementor-column-gap-default\">\n\t\t\t\t\t<div class=\"elementor-column elementor-col-100 elementor-top-column elementor-element elementor-element-e24dfe2\" data-id=\"e24dfe2\" data-element_type=\"column\">\n\t\t\t<div class=\"elementor-widget-wrap elementor-element-populated\">\n\t\t\t\t\t\t\t\t<div class=\"elementor-element elementor-element-6b4fbd8 elementor-widget elementor-widget-text-editor\" data-id=\"6b4fbd8\" data-element_type=\"widget\" data-widget_type=\"text-editor.default\">\n\t\t\t\t<div class=\"elementor-widget-container\">\n\t\t\t\t\t<div class=\"elementor-text-editor elementor-clearfix\"><p><strong><span style=\"color: #000000;\">Participe \u00e9galement \u00e0 la formation dans le cadre des ateliers de travail intensif autour des probl\u00e9matiques et des sujets techniques, un ensemble de professeurs et d\u2019experts \u00e9trangers visiteurs, invit\u00e9s dans le cadre de programmes de partenariats internationaux<\/span><\/strong><\/p><\/div>\n\t\t\t\t<\/div>\n\t\t\t\t<\/div>\n\t\t\t\t\t<\/div>\n\t\t<\/div>\n\t\t\t\t\t\t\t<\/div>\n\t\t<\/section>\n\t\t\t\t\t\t<\/div>\n\t\t\t\t\t<\/div>\n\t\t","protected":false},"excerpt":{"rendered":"<p>Pour assurer ses diff\u00e9rents programmes de formation initiale et continue, L\u2019ENA se base sur un vaste r\u00e9seau de comp\u00e9tences administratives sp\u00e9cialis\u00e9es et de professeurs universitaires. Le nombre total de formateurs s\u2019\u00e9l\u00e8ve \u00e0 172 r\u00e9partis comme suit: Cycle sup\u00e9rieur Cycle de formation continue Institut de leadership administratif Acad\u00e9mie de bonne gouvernance Cadre sup\u00e9rieur administratif 53 32 &hellip; <br \/><a href=\"https:\/\/www.ena.tn\/fr\/lena-se-presente\/le-corps-enseignant\/\" class=\"more-link\">Continue reading <span class=\"screen-reader-text\">Le corps enseignant<\/span><\/a><\/p>\n","protected":false},"author":1,"featured_media":0,"parent":5557,"menu_order":0,"comment_status":"closed","ping_status":"closed","template":"","meta":{"footnotes":""},"class_list":["post-5279","page","type-page","status-publish","hentry"],"_links":{"self":[{"href":"https:\/\/www.ena.tn\/fr\/wp-json\/wp\/v2\/pages\/5279","targetHints":{"allow":["GET"]}}],"collection":[{"href":"https:\/\/www.ena.tn\/fr\/wp-json\/wp\/v2\/pages"}],"about":[{"href":"https:\/\/www.ena.tn\/fr\/wp-json\/wp\/v2\/types\/page"}],"author":[{"embeddable":true,"href":"https:\/\/www.ena.tn\/fr\/wp-json\/wp\/v2\/users\/1"}],"replies":[{"embeddable":true,"href":"https:\/\/www.ena.tn\/fr\/wp-json\/wp\/v2\/comments?post=5279"}],"version-history":[{"count":14,"href":"https:\/\/www.ena.tn\/fr\/wp-json\/wp\/v2\/pages\/5279\/revisions"}],"predecessor-version":[{"id":5295,"href":"https:\/\/www.ena.tn\/fr\/wp-json\/wp\/v2\/pages\/5279\/revisions\/5295"}],"up":[{"embeddable":true,"href":"https:\/\/www.ena.tn\/fr\/wp-json\/wp\/v2\/pages\/5557"}],"wp:attachment":[{"href":"https:\/\/www.ena.tn\/fr\/wp-json\/wp\/v2\/media?parent=5279"}],"curies":[{"name":"wp","href":"https:\/\/api.w.org\/{rel}","templated":true}]}}

<div data-elementor-type="wp-page" data-elementor-id="5279" class="elementor elementor-5279" data-elementor-settings="[]">
							<div class="elementor-section-wrap">
							<section class="elementor-section elementor-top-section elementor-element elementor-element-934ae80 elementor-section-boxed elementor-section-height-default elementor-section-height-default" data-id="934ae80" data-element_type="section">
						<div class="elementor-container elementor-column-gap-default">
					<div class="elementor-column elementor-col-100 elementor-top-column elementor-element elementor-element-941b68f" data-id="941b68f" data-element_type="column">
			<div class="elementor-widget-wrap elementor-element-populated">
								<div class="elementor-element elementor-element-710f4ce elementor-widget elementor-widget-text-editor" data-id="710f4ce" data-element_type="widget" data-widget_type="text-editor.default">
				<div class="elementor-widget-container">
					<div class="elementor-text-editor elementor-clearfix"><h4><span style="color: #000000;">Pour assurer ses différents programmes de formation initiale et continue, L’ENA se base sur un vaste réseau de compétences administratives spécialisées et de professeurs universitaires.</span></h4><h4><span style="color: #000000;">Le nombre total de formateurs s’élève à 172 répartis comme suit:</span></h4></div>
				</div>
				</div>
					</div>
		</div>
							</div>
		</section>
				<section class="elementor-section elementor-top-section elementor-element elementor-element-15e9c11 elementor-section-boxed elementor-section-height-default elementor-section-height-default" data-id="15e9c11" data-element_type="section">
						<div class="elementor-container elementor-column-gap-default">
					<div class="elementor-column elementor-col-100 elementor-top-column elementor-element elementor-element-bbe46a4" data-id="bbe46a4" data-element_type="column">
			<div class="elementor-widget-wrap elementor-element-populated">
								<div class="elementor-element elementor-element-1df0b96 elementor-widget elementor-widget-html" data-id="1df0b96" data-element_type="widget" data-widget_type="html.default">
				<div class="elementor-widget-container">
			<table >
<tbody>
<tr >
<td ></td>
<td style="width: 20%; background-color: #294274; text-align: center;color:white;font-weight:bold">Cycle sup&eacute;rieur</td>
<td style="width: 20%;background-color: #c20c0d; text-align: center;color:white;font-weight:bold">Cycle de formation continue</td>
<td style="width: 20%;background-color: #294274; text-align: center;color:white;font-weight:bold">Institut de leadership administratif</td>
<td style="width: 20%; background-color: #c20c0d;text-align: center;color:white;font-weight:bold"> Acad&eacute;mie de bonne gouvernance</td>
</tr>
<tr>
<td style="background-color: #294274;color:white;font-weight:bold"><span> Cadre sup&eacute;rieur administratif</span></td>
<td style="color:black;text-align:center">53</td>
<td style="color:black;text-align:center">32</td>
<td style="color:black;text-align:center">31</td>
<td style="color:black;text-align:center">9</td>
</tr>
<tr >
<td style="background-color: #294274;color:white;font-weight:bold"><span> Enseignant universitaire</span></td>
<td style="color:black;text-align:center">28</td>
<td style="color:black;text-align:center">11</td>
<td style="color:black;text-align:center">3</td>
<td style="color:black;text-align:center" >5</td>
</tr>
<tr >
<td style="background-color: #294274;color:white;font-weight:bold"><span> Total</span></td>
<td  style="color:black;text-align:center" >81</td>
<td style="color:black;text-align:center">43</td>
<td style="color:black;text-align:center" >34</td>
<td style="color:black;text-align:center">14</td>
</tr>
</tbody>
</table>		</div>
				</div>
					</div>
		</div>
							</div>
		</section>
				<section class="elementor-section elementor-top-section elementor-element elementor-element-4fc3de6 elementor-section-boxed elementor-section-height-default elementor-section-height-default" data-id="4fc3de6" data-element_type="section">
						<div class="elementor-container elementor-column-gap-default">
					<div class="elementor-column elementor-col-100 elementor-top-column elementor-element elementor-element-e24dfe2" data-id="e24dfe2" data-element_type="column">
			<div class="elementor-widget-wrap elementor-element-populated">
								<div class="elementor-element elementor-element-6b4fbd8 elementor-widget elementor-widget-text-editor" data-id="6b4fbd8" data-element_type="widget" data-widget_type="text-editor.default">
				<div class="elementor-widget-container">
					<div class="elementor-text-editor elementor-clearfix"><p><strong><span style="color: #000000;">Participe également à la formation dans le cadre des ateliers de travail intensif autour des problématiques et des sujets techniques, un ensemble de professeurs et d’experts étrangers visiteurs, invités dans le cadre de programmes de partenariats internationaux</span></strong></p></div>
				</div>
				</div>
					</div>
		</div>
							</div>
		</section>
						</div>
					</div>

<p>Pour assurer ses différents programmes de formation initiale et continue, L’ENA se base sur un vaste réseau de compétences administratives spécialisées et de professeurs universitaires. Le nombre total de formateurs s’élève à 172 répartis comme suit: Cycle supérieur Cycle de formation continue Institut de leadership administratif Académie de bonne gouvernance Cadre supérieur administratif 53 32 &hellip; <br /><a href="https://www.ena.tn/fr/lena-se-presente/le-corps-enseignant/" class="more-link">Continue reading <span class="screen-reader-text">Le corps enseignant</span></a></p>
